.
3
Let j = -95 - -112. Calculate the remainder when 97 is divided by j.
12
Let t be (-140)/(-42)*276/10. Let k = -134 + t. Let g = -22 - k. Calculate the remainder when 78 is divided by g.
18
Let a = 736 - 642. Calculate the remainder when a is divided by 19.
18
Let y = -8 - -4. What is the remainder when 15 is divided by ((-50)/(-8) + y)/((-1)/(-4))?
6
Let k = -11 - -26. Suppose -5*j - 5 = -k. Suppose 26 = j*d - 6. What is the remainder when 30 is divided by d?
14
Let z be -3*(4 - 1)*-9. Suppose -4*j - t = -j - z, -5*t = 0. Let n = -23 + j. Calculate the remainder when 14 is divided by n.
2
Suppose 4*w + 5*p = 26, 0 = 3*w + 5*p - 4 - 18. Let a(g) = g**3 - 11*g**2 + 12*g + 1. What is the remainder when a(10) is divided by w?
1
Let k = 36 - -259. Calculate the remainder when k is divided by 27.
25
Suppose 3*g - x + 62 = 0, g - 3*g - 2*x = 44. Suppose -2*t - 292 = -742. What is the remainder when (14/g)/((-2)/t) is divided by 26?
23
Suppose -14*q + 217 = -133. What is the remainder when q is divided by 1?
0
Let d(n) = n + 21. Let g(q) = -q + 1. Let u(m) = 7*m - 11. Let w(h) = -2*g(h) - u(h). What is the remainder when w(-9) is divided by d(-7)?
12
Let g be 4*(-4 + (-26)/(-4)). Suppose g*r - 77 = 453. Calculate the remainder when r is divided by 20.
13
Let z = 307 - 204. Calculate the remainder when z is divided by 36.
31
Let y be 3/6*2*-6. What is the remainder when (332/y)/((-8)/12) is divided by 14?
13
Let k = 6 - -3. Let w = 9 - k. Suppose w = -8*o + 11*o - 57. Calculate the remainder when o is divided by 10.
9
What is the remainder when 287 is divided by 10/(-125) + 1281/75?
15
Let r = -784 - -809. What is the remainder when 128 is divided by r?
3
Suppose -4*b - n = -120, -b - 3*n = 4 - 45. What is the remainder when 85 is divided by b?
27
Suppose 1146 + 1637 = 11*i. Calculate the remainder when i is divided by 66.
55
Suppose 4*t - 8*t = 32. Let g = -85 + 81. Calculate the remainder when (-214)/g + (-12)/t is divided by 19.
17
Let x be (-316)/6 - (-20)/30. Let m = -13 - x. What is the remainder when 77 is divided by m?
38
Let v(w) = 2*w + 21. Let f be v(-7). Let s(u) = 18*u - 9. Let k be s(f). Suppose -h = -5*z + k - 33, -h = -1. What is the remainder when 31 is divided by z?
14
Let c be 2 + (0 + 7 - 1). Let j(h) = 4*h + 15 - 6 - 2*h - h. Calculate the remainder when 50 is divided by j(c).
16
Suppose 0 = 3*s + 3*v + 15 - 78, 0 = 5*v. Let y be (-2)/3*(-18)/12. What is the remainder when s is divided by 8/y - (-4 + 6)?
3
Let f(m) be the third derivative of -m**5/60 + 3*m**4/4 - m**3/3 + 9*m**2. What is the remainder when 87 is divided by f(16)?
27
Let k(d) = d**2 + 10*d + 19. Let i be k(-8). Let g be 1/2 - 14/4. Let x = i - g. What is the remainder when 9 is divided by x?
3
Let t = -696 + 728. Calculate the remainder when 442 is divided by t.
26
Suppose -9*n - 25 + 52 = 0. What is the remainder when 1357 is divided by n?
1
Let g = 2 - -11. Let i be (-3)/(-1)*(-1 + 2). Suppose -i*c + 58 = -14. Calculate the remainder when c is divided by g.
11
Let c(h) = h**2 - 6*h + 5. Let f be c(3). What is the remainder when 81 is divided by ((-8)/f + -9)/(-1)*3?
18
Suppose 7*a + 66 = -452. Let l = a + 95. What is the remainder when 56 is divided by l?
14
Let r(t) = -11*t + 306. Calculate the remainder when r(-56) is divided by 71.
70
Let k = 142 - 105. Let x(p) = p**3 - 5*p**2 - 3*p - 1. Let b be x(3). Let s = k - b. Calculate the remainder when s is divided by 17.
14
Suppose 0 = -5*x + 4*q + 185, -3*q = -5*q + 10. Calculate the remainder when x is divided by 15.
11
Suppose 648 = 5*l + 3*d, -4*l - 2*d - 668 = -9*l. What is the remainder when l is divided by 31?
8
Let w(i) = -3*i + 9 + 2*i - 7*i + 6. What is the remainder when w(-7) is divided by 24?
23
Suppose 4*s + 4 = 0, -2*r + 0 + 101 = -3*s. What is the remainder when r is divided by 6?
1
Let a(r) = r**3 - 8*r**2 - 11*r + 31. Suppose y + y - 6 = 0. Suppose -l = -y*l + 76. What is the remainder when l is divided by a(9)?
12
Let g = 40 - 37. Calculate the remainder when -36*((-6)/g)/2 is divided by 19.
17
Let x = -33 - -96. Calculate the remainder when 71 is divided by -6*(23/(-18) + (-14)/x).
8
Suppose -4*d - 3*p - p + 244 = 0, p = 2*d - 137. Calculate the remainder when 261 is divided by d.
63
Let y = -203 - -314. Calculate the remainder when y is divided by 39.
33
Let i be 4/(-1) + 2 + -25. Let s = -8 - i. Calculate the remainder when s is divided by 5.
4
Let v(c) = -422*c. Let u be v(-1). Let h = u - 252. Suppose -3*r + 5*r - h = 0. What is the remainder when r is divided by 29?
27
Let z = 79 + -43. Suppose -m = 2*m - z. Calculate the remainder when 35 is divided by m.
11
Let q(i) = i**3 - 7*i**2 - 17*i - 7. Let o be q(8). Let x = -70 - o. Calculate the remainder when 44 is divided by x.
8
Suppose -f + 65 = -t, -t + 4*f - 58 + 8 = 0. Let p = -37 + 166. Let m = p + t. Calculate the remainder when m is divided by 12.
11
Let i = 64 - 37. Suppose 48*m = 45*m + i. What is the remainder when 34 is divided by m?
7
Let x = -18 - -22. Suppose 22 = x*p + 4*o - 3*o, -3*o - 6 = 0. Suppose -4*g = -0*g - 20. Calculate the remainder when p is divided by g.
1
Calculate the remainder when ((-47)/(-4) - -10)*36 is divided by 49.
48
Let p be (6 - 0)*(-24)/9*-2. Suppose 25*n - p*n = -56. What is the remainder when n is divided by 5?
3
Suppose -4*r + 3*z = 2, 0 = 2*r - 2*z + 4 - 2. Suppose 3*l - 7 = -r. Calculate the remainder when 18 is divided by l/2*(2 - -8).
8
Let k = 334 - 286. Suppose -3*g = -4*g. Suppose g = -3*s + 6*s - k. What is the remainder when s is divided by 9?
7
Let d(s) = 2*s - 12. Let t be d(5). Let f be t/(-2 + -4)*9. Suppose f*g = 29 + 25. What is the remainder when 53 is divided by g?
17
What is the remainder when 139 is divided by ((-26)/(-5))/(9/(-360)*-8)?
9
Let m = 1201 + -1016. Calculate the remainder when 570 is divided by m.
15
Suppose 3*y - 88 - 416 = 0. Let l = y + -100. Suppose -10*u - 28 = -258. Calculate the remainder when l is divided by u.
22
Suppose -2*a = -2*v - 0*v + 30, 5*v - 68 = -2*a. What is the remainder when 335 is divided by v?
13
Let r(d) be the second derivative of -7*d**3/6 + d**2 - 7*d. Calculate the remainder when r(-4) is divided by 16.
14
Suppose -8*b + 67 = 1291. Let h = b - -215. What is the remainder when 183 is divided by h?
59
Suppose -5*n = 4*q + 16, 2*q - 6*n = -8*n - 6. What is the remainder when (-4 - (-184)/40)*(66 - q) is divided by 21?
18
Let p be (-112)/5 - 4/(-10). Let z = p - -35. Let w = z + -6. Calculate the remainder when 27 is divided by w.
6
Let l(f) = 9*f**2 + 5. What is the remainder when 176 is divided by l(2)?
12
Suppose 155 = j - 3*f, 368 - 49 = 2*j + 3*f. Let g = j + -111. Suppose -3*y - o + 33 = 0, 2*y = -0*y + 3*o + 33. What is the remainder when g is divided by y?
11
Suppose 0 = -3*x + 475 - 391. What is the remainder when 88 is divided by x?
4
Let m = 204 + -71. Let j = -215 + 389. Suppose 5*l + 0*l - 4*b = j, -4*b = 4*l - 132. What is the remainder when m is divided by l?
31
Let x = -170 - -390. Suppose -4 = -4*j + x. What is the remainder when j is divided by 15?
11
Let i be 1/2*1/(5/40). Suppose 16 = m - 2*x, 5*m - 57 + i = x. What is the remainder when 33 is divided by m?
3
Let v = -7 + -1. Let z(s) = -s**2 - 12*s - 9. Let f(p) = 3*p + 2. Calculate the remainder when z(v) is divided by f(2).
7
What is the remainder when -146*(-5 - 5 - -9) is divided by 14?
6
Let y be (-4 - -1)*1 + 24. Let b be (-12)/y*(-7)/2. Suppose b*f - 6 = 0, -i - 3*f + 79 = 4*i. What is the remainder when 26 is divided by i?
12
Let g = -190 + 241. What is the remainder when g is divided by 14?
9
Let z = -85 + 91. Let p(h) = h**3 - 4*h**2 - 6*h + 13. Calculate the remainder when p(z) is divided by 18.
13
Let x(h) = 2*h**3 - 4*h**2 + 2*h + 1. Let z be x(2). Let p = 20 - z. Suppose -3*m + 9 + p = 0. What is the remainder when 21 is divided by m?
5
Suppose 4*v - 5*u = 1 + 2, 0 = -3*u + 3. Suppose -v*b - 42 + 6 = 0. Let y = b - -45. Calculate the remainder when y is divided by 7.
6
Let s(n) = n**2 - n + 2. What is the remainder when 3 - ((3 - 3) + -57) is divided by s(6)?
28
Suppose -3*q + 70 + 29 = 0. What is the remainder when 327 is divided by q?
30
Let d = 23 - 12. Let c(u) = -u**2 - 16*u + 15. Suppose 2*p + 38 = 8. Calculate the remainder when c(p) is divided 